(-2)*q + 1. Suppose -4*g + 31 + s = 0. What is the greatest common divisor of g and 9?
9
Let j = -8 - -13. Let a = -3 + j. Suppose -p + a*p - 26 = 0. Calculate the greatest common divisor of 13 and p.
13
Suppose 2*t + 3*t - 20 = 0. Let o be t/26 + (-776)/(-26). What is the greatest common divisor of o and 45?
15
Suppose 2*i - 12 = -i. Suppose -4*q - 26 = -2*a, 2*a - i*a = -5*q - 25. Let x be (12 - 11)*(-105)/(-1). What is the highest common factor of x and a?
15
Let i(m) = -m**2 + 7*m + 6. Let f be i(6). What is the greatest common factor of 6 and f?
6
Let p = -6 + 12. Calculate the highest common factor of 12 and p.
6
Suppose 0 = -2*q + 4 + 30. Calculate the highest common divisor of q and 68.
17
Let t be 3/((-3)/(-7) - 0). Let r be (-47)/(-7) - (-2)/t. What is the greatest common factor of 35 and r?
7
Suppose 2*n - 5*n + 27 = 0. Suppose -4*w + j = -j - 10, -5*j = -15. Suppose w*q = 14 + 130. What is the greatest common factor of q and n?
9
Suppose 5*z = 2 + 108. Suppose -2*f - 3*f = -5*x + 60, 0 = 3*f + 4*x + 29. Let c be (-2)/f + 4352/22. Calculate the greatest common factor of z and c.
22
Suppose 4*n + 296 = 2*i, -4*i - i - 4*n + 670 = 0. Suppose 7*p - 2*p + 345 = 0. Let r = p + i. What is the highest common factor of r and 46?
23
Suppose 1 = c - 1. Suppose -c*p - 3*p = -60. Calculate the greatest common divisor of p and 60.
12
Let o(m) = m**3 + 4*m**2 - 3. Let d be o(-4). Let g be (1/d)/(2/(-6)). Let w be 8/3 + g/3. What is the highest common factor of 9 and w?
3
Suppose -c + 88 = 5*k, -2*c - 19*k + 15*k = -146. What is the highest common divisor of c and 84?
21
Let c = -5 - -7. Let j(k) = 7*k - 3. Let z be j(c). Let i = z + 4. What is the greatest common factor of 6 and i?
3
Suppose 2*i + 3*i = -10. Let k be 16 + 2/i + 1. Let a = -113 - -193. Calculate the highest common divisor of k and a.
16
Suppose -3 = -b + r, 8*b - 3*b = 4*r + 16. Let x be (b/10)/(1/30). Suppose 0 = -0*m - 4*m + 384. What is the highest common factor of x and m?
12
Let l(a) = 2*a + 9. Let v be l(12). Calculate the highest common factor of 3 and v.
3
Let q(r) = r**2 - 3*r + 3. Let g be q(3). Suppose -10 = -g*p + 5. Let j(t) = -t**2 - 5*t - 2. Let w be j(-4). Calculate the greatest common factor of w and p.
1
Suppose -q - 35 = -139. Suppose 0*v + q = 4*v. Calculate the greatest common divisor of v and 104.
26
Suppose 5*l - 230 = 2*n, 2*l - n + 0*n = 91. Calculate the highest common divisor of 12 and l.
12
Let a be 38/8 + 1/4. Suppose -2*g + q = -87, 93 = 4*g + a*q - 60. Calculate the highest common divisor of 28 and g.
14
Let g be 0 - 414/(-24) - 3/(-4). What is the greatest common divisor of g and 126?
18
Let v = 97 - 53. What is the greatest common factor of v and 11?
11
Suppose -3*t + 27 = 3*p, 45 = 5*p - t - 3*t. Let y = 32 - -31. Calculate the highest common divisor of y and p.
9
Let s(y) = -y**2 + 9*y - 2. Suppose 0 = 3*r + 2*r - 35. Let g be s(r). Calculate the highest common divisor of g and 4.
4
Let b(q) = 5*q + 30. Let v be b(5). What is the greatest common factor of 22 and v?
11
Let z be (-8)/84 + (-380)/(-21). What is the highest common factor of z and 126?
18
Let o(l) = 2*l + 1. Let i be o(3). Let m = i - -13. Suppose -5 = -k - 1. Calculate the highest common factor of k and m.
4
Let d(t) = 2*t**2 - 4*t. Let r be d(-3). What is the greatest common factor of 6 and r?
6
Let l be (0 - 2)*35/(-40)*20. What is the highest common factor of l and 5?
5
Let p(y) = -y**3 + y**3 + y**3 + 5*y - 4 + 6*y**2. Let x be p(-4). Suppose 2*t = -n + 124, 5*n - 7 = -27. Calculate the greatest common divisor of t and x.
8
Let d(s) = 2*s**2 + 16*s + 21. Let y be d(-7). What is the highest common divisor of 35 and y?
7
Suppose 3*m - 27 = -5*f, -6*f + 33 = -f - 3*m. Suppose 4*z = f*z - 4. Suppose 0 = 2*n + z*n - 64. What is the highest common factor of 112 and n?
16
Let g(z) = -z**2 - 19*z - 6. Let j be g(-10). Let d be 45/3*4/5. Calculate the greatest common factor of d and j.
12
Let i(o) = -2*o**3 - 15*o**2 - 10*o + 9. Let m be i(-7). Calculate the highest common factor of 75 and m.
15
Let a = -18 + 43. Suppose 0*d - 3*s + 175 = 2*d, 0 = -5*s + a. What is the greatest common divisor of d and 10?
10
Let u = -25 + 16. Suppose 0*o - 3*o = -24. Let i be u/2*o/(-3). What is the highest common factor of 12 and i?
12
Suppose -5*f - 25 = -175. Suppose 2*k - 6 = -0*k. Suppose k - 378 = -5*g. What is the highest common factor of g and f?
15
Let p = -91 + 127. What is the greatest common factor of p and 18?
18
Let m be (-126)/10 + 4/(-10). Let w(p) = p**2 - 6*p - 4. Let g be w(9). Let t = g + m. Calculate the highest common divisor of 50 and t.
10
Let x = 24 - 8. Calculate the greatest common factor of x and 128.
16
Let i = -186 + 318. What is the highest common factor of i and 33?
33
Let x = -38 + 23. Let l be (1 - -53)*(-10)/x. What is the greatest common factor of l and 9?
9
Let o = -12 - -22. Calculate the greatest common factor of o and 70.
10
Let x(o) = 2*o + 2. Let d be x(4). Let s = -15 + 25. Calculate the greatest common divisor of s and d.
10
Let z(q) = 5*q**2 + 5*q. Let c be z(-5). Suppose a + 3*s = -35, -4*a + 0*a = 2*s + c. Let t = -10 - a. Calculate the highest common divisor of 104 and t.
13
Let r be 240 - (-5 - -2 - -1). Calculate the greatest common factor of 22 and r.
22
Suppose 2*h = -3*s + 182, 5*h + 2*s - 3*s - 438 = 0. Calculate the greatest common divisor of 8 and h.
8
Let k = -4 + 4. Suppose k = 2*z - 0*z - 360. Let d be (60/(-16))/((-6)/32). Calculate the highest common divisor of d and z.
20
Suppose 5*i = 34 + 61. Let h = -4 + i. What is the greatest common divisor of 3 and h?
3
Let v = 263 - 146. Let p = -32 - -45. Calculate the highest common divisor of p and v.
13
Let c = 1 + 14. Calculate the greatest common factor of 30 and c.
15
Let j(k) = -k**3 - k**2 + 24. Let n be j(0). Suppose -3*h - 12 = -108. Suppose 0 = 2*u - 6*u + h. Calculate the greatest common factor of n and u.
8
Let c(i) = -i**3 + 6*i**2 + 3. Let p be c(6). Suppose p = -d, -4*q - d = q - 197. Suppose 0*g = 2*g - 16. Calculate the greatest common factor of g and q.
8
Let s = 23 - 20. Suppose s*w - 4*f - 19 = -4, 0 = -w - 5*f + 24. What is the highest common factor of 36 and w?
9
Let c(m) = m**2 + 13*m + 46. Let d be c(-9). Let h(a) = 30*a**3 - a + 1. Let v be h(1). What is the highest common factor of v and d?
10
Let d(i) = -3*i**3 + 2*i**2 - 1. Let k be d(1). Let x be ((-18)/4)/(1/k). Calculate the greatest common divisor of 45 and x.
9
Let a(s) = s**3 + s + 15. Let f be a(0). Let k be ((-92)/(-6))/(5/f). Suppose 4*h + l - k = 2*l, 10 = h - l. Calculate the highest common factor of h and 84.
12
Let h be (-6)/(-15) - (-279)/15. What is the greatest common factor of 38 and h?
19
Suppose -13 = -4*c + 19. Suppose 0*f - 12 = b + 3*f, 2*f = b - c. Let x = b - -2. What is the greatest common divisor of 2 and x?
2
Let b(t) = -2*t - 6. Suppose 7*g - 3*g - 20 = n, 2*g = -4*n - 8. Let u be b(n). Calculate the highest common divisor of u and 20.
2
Let v(n) = n**3 - 7*n**2 + 2*n - 1. Let o be v(7). Calculate the greatest common factor of o and 13.
13
Suppose -n + 4*o = -0*o - 100, -3*n - 2*o + 258 = 0. Calculate the highest common divisor of 44 and n.
44
Let o be (-3 + (-19)/2)*-6. What is the greatest common factor of o and 50?
25
Suppose -k = -4*y + 57, -3*k + 5 + 4 = 0. Suppose 0*l + 6*l = 36. Calculate the highest common divisor of y and l.
3
Suppose -4*m = -84 - 84. Calculate the highest common factor of 28 and m.
14
Suppose 2 = -2*x, 0 = -p - 4*x - 19. Let l be 12/10*(-100)/p. What is the highest common factor of 64 and l?
8
Let d(b) = -2*b**2 - 2*b + 3. Let i be d(4). Let q = i - -87. Calculate the greatest common divisor of 10 and q.
10
Suppose 5*c + 131 = 2*i, -3*i + 193 = -3*c - c. Let v be (i/14)/((-1)/(-2)). Calculate the highest common factor of v and 99.
9
Let p be 3604/(-18) - (-12)/54. Let i = p + 524. Suppose -5*a = -t + 168 - 716, 3*t + i = 3*a. What is the greatest common divisor of 10 and a?
10
Let s be 2 - 0 - 1*20. Let l = 27 + s. Suppose 0*w = -2*w + 54. Calculate the highest common factor of w and l.
9
Suppose -5*v + 555 = -5*b, 107 = -5*v - 3*b + 702. What is the highest common factor of v and 4?
4
Let p(q) = -3*q**3 + 2*q**2 + 3*q + 2. Suppose 3*t + 0*t = 6. Let n = t + -4. Let